
99
What is the greatest common factor of 86784 and 226?
226
What is the greatest common factor of 133 and 328111?
133
Calculate the greatest common factor of 460 and 4715.
115
What is the highest common factor of 22581 and 585?
117
What is the greatest common divisor of 544 and 61676?
68
Calculate the greatest common factor of 216600 and 30.
30
What is the highest common divisor of 21809 and 965?
193
Calculate the highest common factor of 2562 and 252906.
366
What is the highest common factor of 76 and 93271?
19
Calculate the greatest common factor of 105 and 6480.
15
What is the highest common divisor of 1374992 and 304?
304
What is the highest common factor of 30647 and 1843?
19
Calculate the greatest common factor of 400 and 117550.
50
Calculate the highest common factor of 46 and 2536210.
46
Calculate the highest common factor of 8554 and 6062.
14
What is the highest common divisor of 2368 and 615310?
74
Calculate the highest common factor of 6495 and 30.
15
What is the highest common divisor of 108 and 153684?
108
Calculate the highest common factor of 16060 and 180.
20
What is the highest common factor of 63855 and 39105?
495
What is the highest common divisor of 161028 and 3479?
497
What is the greatest common divisor of 4 and 10618?
2
Calculate the highest common factor of 54 and 800334.
54
Calculate the greatest common divisor of 3303 and 18.
9
Calculate the highest common divisor of 13794 and 1551.
33
Calculate the greatest common factor of 5133 and 944.
59
What is the highest common divisor of 464 and 389644?
116
Calculate the greatest common divisor of 4411900 and 60.
20
Calculate the highest common divisor of 6790221 and 27.
9
Calculate the highest common factor of 2644117 and 371.
371
Calculate the highest common divisor of 234900 and 135.
135
Calculate the highest common divisor of 4592 and 7262248.
2296
What is the greatest common divisor of 798900 and 2700?
300
What is the greatest common factor of 7257 and 45902?
59
Calculate the highest common divisor of 231 and 17402.
77
Calculate the greatest common factor of 98 and 12418.
14
What is the highest common divisor of 9758798 and 658?
658
What is the highest common divisor of 143 and 12265?
11
What is the highest common divisor of 10180 and 220?
20
What is the highest common factor of 12430 and 15730?
110
Calculate the highest common divisor of 11046 and 1106.
14
What is the greatest common divisor of 221085 and 5355?
765
What is the highest common divisor of 5285 and 416760?
755
What is the highest common divisor of 3234 and 286?
22
Calculate the highest common factor of 16720 and 58140.
380
What is the highest common divisor of 141295 and 367?
367
What is the highest common divisor of 33 and 231825?
33
What is the highest common divisor of 3550 and 850?
50
What is the greatest common divisor of 5047 and 90944?
49
What is the greatest common divisor of 273 and 8757?
21
What is the greatest common factor of 3260 and 85?
5
Calculate the highest common divisor of 105820 and 37.
37
What is the greatest common divisor of 14 and 3696896?
14
What is the highest common divisor of 379470 and 13?
13
What is the highest common divisor of 438202 and 151?
151
Calculate the highest common factor of 54 and 101799.
9
Calculate the highest common divisor of 33371 and 755.
151
What is the highest common divisor of 1502977 and 1658?
829
Calculate the greatest common divisor of 15 and 144735.
15
What is the highest common factor of 6710 and 670?
10
Calculate the highest common divisor of 649 and 5133.
59
Calculate the greatest common factor of 60 and 13116.
12
Calculate the greatest common divisor of 180 and 5780.
20
Calculate the greatest common factor of 101829 and 364.
91
What is the highest common factor of 76812 and 6747?
519
What is the highest common factor of 120645 and 630?
315
What is the highest common divisor of 6 and 184518?
6
Calculate the greatest common factor of 19 and 195947.
19
What is the highest common divisor of 11663 and 1199?
109
What is the highest common factor of 26362 and 98?
98
What is the highest common divisor of 225 and 8112225?
75
Calculate the highest common divisor of 2075 and 13225.
25
What is the greatest common divisor of 34 and 1648082?
34
What is the greatest common divisor of 66 and 486453?
33
Calculate the highest common divisor of 3106242 and 244.
122
Calculate the greatest common factor of 165632 and 8.
8
Calculate the highest common factor of 80 and 114980.
20
Calculate the highest common factor of 207 and 81.
9
What is the greatest common divisor of 1326972 and 108?
12
What is the highest common divisor of 32877 and 195?
39
Calculate the greatest common factor of 2 and 7075.
1
Calculate the greatest common divisor of 12860 and 60.
20
What is the highest common divisor of 72 and 6814728?
72
What is the highest common divisor of 26046 and 2?
2
Calculate the highest common divisor of 127738 and 3978.
442
What is the highest common divisor of 410 and 2130?
10
Calculate the greatest common divisor of 10778 and 25360.
634
What is the greatest common factor of 149226 and 6426?
714
What is the highest common divisor of 1588 and 1323995?
397
Calculate the highest common factor of 2 and 20494.
2
Calculate the greatest common divisor of 43962 and 2754.
102
Calculate the greatest common factor of 583 and 630488.
53
What is the greatest common divisor of 688473 and 12771?
1161
What is the highest common factor of 200 and 300?
100
What is the greatest common factor of 108458 and 508?
254
What is the highest common factor of 27928 and 8?
8
What is the greatest common divisor of 6090520 and 86?
86
Calculate the greatest common divisor of 3341996 and 944.
236
Calculate the greatest common factor of 8208 and 60048.
432
Calculate the highest common factor of 314139 and 3969.
147
What is the highest common divisor of 153936 and 36?
36
Calculate the greatest common divisor of 3 and 11043759.
3
Calculate the greatest common factor of 10 and 31745.
5
What is the highest common factor of 28050 and 102?
102
Calculate the highest common factor of 24969 and 492.
123
What is the greatest common factor of 290 and 141665?
145
Calculate the greatest common divisor of 14416 and 53159.
901
Calculate the highest common divisor of 2272 and 42176.
32
Calculate the highest common divisor of 28608 and 1568.
32
What is the highest common divisor of 14 and 10297?
7
Calculate the greatest common divisor of 117 and 949.
13
What is the greatest common divisor of 2920167 and 171?
171
What is the highest common divisor of 29205 and 15840?
495
What is the greatest common divisor of 322 and 679?
7
What is the highest common divisor of 2184 and 126984?
312
What is the greatest common factor of 3840 and 795?
15
What is the highest common factor of 490801 and 346?
173
What is the highest common factor of 42744 and 16?
8
What is the highest common divisor of 30250 and 12500?
250
What is the highest common factor of 207 and 56396?
23
Calculate the greatest common divisor of 2601 and 68.
17
Calculate the greatest common divisor of 675 and 107175.
75
Calculate the greatest common divisor of 101680 and 1860.
620
What is the highest common factor of 10965 and 5440?
85
What is the greatest common divisor of 11346 and 1647?
183
What is the highest common factor of 130610 and 6001?
353
What is the highest common divisor of 2286 and 11538?
18
What is the greatest common factor of 340360 and 67?
67
Calculate the highest common divisor of 401801 and 443.
443
What is the greatest common factor of 353196 and 666?
18
What is the greatest common factor of 96830 and 322?
46
Calculate the highest common factor of 2508 and 22363.
209
What is the greatest common factor of 1075 and 2900?
25
What is the greatest common factor of 634993 and 265?
53
Calculate the greatest common factor of 284 and 289183.
71
Calculate the greatest common factor of 3085 and 745.
5
Calculate the highest common divisor of 1703616 and 171.
57
What is the highest common divisor of 965342 and 742?
742
Calculate the highest common factor of 292853 and 27808.
869
Calculate the greatest common factor of 7579 and 296747.
583
Calculate the greatest common factor of 140 and 10367.
7
What is the greatest common factor of 230496 and 126?
42
What is 